Let k(l) = -5*l**2 + 3*l + 3 + 6*l**2 - m*l. Give k(3).
6
Let k(d) = d**2 + d - 4. Let x = 32 + -32. Determine k(x).
-4
Let t(x) = -1. Let l(u) = -5. Let h(v) = 2*l(v) - 9*t(v). Let a(i) = -5*i**2 + 3*i - 5. Let d(y) = -a(y) + 5*h(y). Calculate d(2).
14
Let s(j) = 3*j - 1. Let r be s(1). Let x be r - (5 - (-2)/(-2)). Let i(q) = -q**3 - 2*q**2 + 3*q + 3. Determine i(x).
-3
Let z(b) be the third derivative of b**4/12 - b**3/6 + 69*b**2. Give z(-1).
-3
Let k(d) = -d**2 + 9*d + 11. Let c be k(10). Let o(h) = 3 - 2 - 1 - 6*h + c + h**2. Let f = 10 + -5. Calculate o(f).
-4
Let c(i) = -i**3 - 7*i**2 - 6*i + 4. Let z be c(-6). Let g(u) = 0*u**2 + 5 - 4*u + 6*u - u**2. Calculate g(z).
-3
Let x(s) = -6*s**2 - 7*s + 3. Let r(u) = -5*u**2 - 7*u + 2. Let z(i) = -5*r(i) + 4*x(i). Give z(-6).
-4
Let x be -3 - 2/(-2) - -7. Let l(d) be the first derivative of d**4/4 - 5*d**3/3 - d**2/2 + d - 2. Calculate l(x).
-4
Let p(t) = t**2 + 12*t - 2. Let u(q) = -q**2 - 11*q. Let z be u(-12). Give p(z).
-2
Let z(k) = 1 + k - 4*k + 5*k + 0*k. Give z(2).
5
Let g = 89 + -87. Let l(q) = -3*q**2 + q. Determine l(g).
-10
Let w(o) = -2 - 3*o - o + o**2 + 8*o. What is w(-5)?
3
Let h(q) = 7*q**2 - 2*q**2 - 2 + q**2 - q**3 + 0*q - 4*q. What is h(5)?
3
Suppose 3*w = 5*d - 5, -4*d + 4 = -8*w + 3*w. Let n = 3 + d. Let j(l) = l**3 - 4*l**2 - l + 2. Calculate j(n).
-2
Let p be (-8)/12 + 0 - (-20)/(-6). Let t(q) = -q + 2. What is t(p)?
6
Let p(u) = -4*u + 4. Let n(b) = 13*b - 11. Let j(c) = 2*n(c) + 7*p(c). What is j(6)?
-6
Let d(r) = 4*r**3 + 15*r**2 + 15*r - 25. Let o(i) = -i**3 - 4*i**2 - 4*i + 6. Let q(g) = -2*d(g) - 9*o(g). Let t be ((-85)/(-15))/(-1) - 4/(-6). Calculate q(t).
-9
Let p(u) be the first derivative of -5*u**3 + 56. Calculate p(1).
-15
Let o(c) = -c**3 + 5*c**2 + 6*c - 7. Let k be (-1 - -2) + -2 + -1. Let m = 8 + k. Determine o(m).
-7
Let z(t) = -t**3 + 4*t**2 + 1. Let w be z(4). Let v be 0 + 2 - (w + 1). Let y(f) = 4 - 3*f - 2*f**2 + 5*f + v*f - f**3. Determine y(-3).
7
Let a(y) = -y**3 - 6*y**2 - 7*y - 7. Let w be a(-5). Suppose w*r + 1 = 4. Let s(q) = 9*q - 1. Give s(r).
8
Let i(c) be the second derivative of c**3 + 44*c. What is i(4)?
24
Let k(l) = -l**2 + l + 4. Let a be k(0). Let s(h) be the second derivative of h**4/12 - h**3 + h**2 - 23*h. Give s(a).
-6
Suppose -3*z + 2*z = -46. Suppose 0 = -2*t + i + z, 0 = 3*i + 2 - 14. Let y be (-19)/5 + (-5)/t. Let m(n) = -n**2 - 3*n - 3. Calculate m(y).
-7
Let t(y) = -3 - 3*y**2 - 3*y**3 + 2*y**3 - 3*y**2 - 6*y. What is t(-5)?
2
Suppose 16*h = 7*h + 27. Let y(r) = r + 2. Determine y(h).
5
Let q(f) be the first derivative of -1/4*f**4 + 4/3*f**3 - 2*f - 1 + 7/2*f**2. What is q(5)?
8
Let y(p) be the second derivative of 0 + 0*p**4 + 0*p**3 + 1/20*p**5 + 3*p + 7/2*p**2. Let l(i) = -i**3 - 6. Let n(v) = -3*l(v) - 2*y(v). Determine n(0).
4
Let t(b) = -b**3 + 5*b**2 - 5*b + 4. Let s be t(4). Let p(y) = -4*y + 2. Let m(r) = 3*r - 2. Let c(q) = 3*m(q) + 2*p(q). Give c(s).
-2
Let s(n) = -n**2 + 7*n - 4. Let z be s(6). Let b(p) = 0*p - 2*p + p**2 + p - z*p**2. What is b(-3)?
-6
Let c(n) = n**3 - 9*n**2 + 2*n + 5. Let i be c(9). Suppose -3*d + 8*d - f + 51 = 0, -2*d + 3*f = i. Let m be 2/d + 19/(-5). Let h(t) = 2*t. Determine h(m).
-8
Let q(l) = -2*l + 8. Let j(z) = 3*z - 12. Let o = -12 + 17. Let d be 1 + (4 - 6/(-2)). Let g(a) = d*q(a) + o*j(a). Give g(-4).
8
Let t(a) = a - 1. Suppose h = 5*v + 15, 3*h = 2*v + 2*h + 6. Let u be (-22)/v - 6/(-9). Suppose -6*k = -4*k - u. What is t(k)?
3
Let j be -3 - (0 + 128)/4. Let n(l) = -7*l**2 + 3*l + 3. Let g(s) = -84*s**2 + 35*s + 35. Let u(m) = j*n(m) + 3*g(m). Give u(-1).
-7
Let q(y) = y**2 + 7*y + 4. Let d(t) = t**2 + 7*t + 4. Let w(o) = 2*d(o) - 3*q(o). Let c = -29 - -24. Determine w(c).
6
Let q(f) = -f + 1. Let h(c) = 7*c - 2. Let y(s) = -h(s) - q(s). Suppose -4*o + 3*b = -b + 4, 3*b = 4*o + 3. Let j = o + -1. Calculate y(j).
7
Let b = -4 + 4. Suppose 3*p + p = 0. Suppose y + p*y - 5 = b. Let i(o) = o**3 - 6*o**2 + 6*o - 5. What is i(y)?
0
Let z(x) = -x**2 - 5*x + 2. Let h be z(-6). Let n(j) = -j + 5. Determine n(h).
9
Let j = -3 - 3. Let n(w) = -w**2 - 6*w + 2. Let d be n(j). Let c(m) = -2*m + 10 - 3*m - 6 - 2. What is c(d)?
-8
Let s(a) = -8*a**3. Let x be (2 - (2 + 1)) + 0. Calculate s(x).
8
Suppose 4 = -f + 3*f. Let w(s) = -s - 2*s + 3*s**2 - s**f. Calculate w(2).
2
Let i = -1 - -6. Let z be ((-4)/i)/(2/10). Let q(o) = 5*o**2 - 3*o + 10. Let r(a) = 2*a**2 - 2*a + 5. Let c(v) = 3*q(v) - 7*r(v). What is c(z)?
-9
Let l(b) = -b + 7. Let o be (-15)/(-2)*(-16)/24. Calculate l(o).
12
Let t(d) = d**3 - 5*d**2 + 2*d - 4. Let x be t(5). Suppose -4*q + x = w, 3*q + 0*q + 5*w + 4 = 0. Let h(g) = q*g**2 - 3*g + g**3 + 2 + 0*g - 4. Give h(-2).
4
Suppose -8 + 25 = 5*d + 2*l, -7 = -4*d + 5*l. Let a(i) = 0*i**2 + 2*i**2 - 14*i**3 - 9 + i - i**2 + 13*i**d. What is a(0)?
-9
Let c(w) = 1. Let m(u) = u**2 + 6*u - 7. Let l(q) = -3*c(q) - m(q). Give l(-6).
4
Let i = -5 + 0. Let j be 9 + i - (1 + 0). Let y(x) be the second derivative of x**3/6 - x**2 - 7*x. Determine y(j).
1
Suppose -4*a + 5 = 1. Let c(f) = -3*f**2 + 2*f - 1 - 7*f**2 + 4*f**2 - 7*f**2. Calculate c(a).
-12
Let n(d) = -9*d - 10 + 2*d**3 - d**3 + 7 + 8*d**2. Let k be n(-9). Let f(z) = -z**3 - 3*z**2 + z + 1. Calculate f(k).
-2
Let d(z) = -z + 5. Suppose -4*h - 2 = -2*k, -5*h + k + 1 = 5. Let t be (-3 - h)/((-2)/4). Give d(t).
1
Let z(s) = -2*s**2 + s. Let j be (1/2 + 2)*2. Suppose 0 = j*m - 0*m - 25. Let i(v) = -v**3 + 4*v**2 + 5*v + 2. Let c be i(m). Give z(c).
-6
Let h be -3 - -6 - 12/4. Suppose -n - 3 = -h*n. Let m = 3 + n. Let j(s) = -s**2 + 7. What is j(m)?
7
Let q(m) = -m**3 + 7*m**2 - m + 5. Let i = 115 + -108. What is q(i)?
-2
Let j(d) = -32*d + 5. Let v(c) = 21*c - 3. Let i(h) = -5*j(h) - 8*v(h). Suppose 0*a - 18 = f + 3*a, -24 = 3*f + 3*a. Let m = f + 4. What is i(m)?
-9
Let m(j) = -j - 3. Let s be m(-5). Suppose -3 = -s*k + k. Let z(g) = 3*g**2 + 3*g + 0*g**k + 3*g - 3 - g**3. Calculate z(4).
5
Suppose -3*f = 2*f. Let x be f/(-3 - (2 + -4)). Let g be ((x - -1) + -2)*4. Let w(k) = k**2 + 4*k + 6. Determine w(g).
6
Let h(f) = f**2 - f + 2. Let i be h(2). Suppose i*s + 8 + 8 = 0. Let g(n) = n**2 + 3*n + 1. Give g(s).
5
Let z(k) = -1 - 7*k + 3*k + 0. Let o(b) = 9*b + 3. Let p(q) = -2*o(q) - 5*z(q). What is p(-1)?
-3
Let g = -3 + 5. Let w(c) = 4 - c**2 - g*c + 10*c - 3*c. Give w(4).
8
Let m(v) = 0*v**2 + 8*v**2 + v + 0*v**2 + v**2. Determine m(1).
10
Let i(a) = -1. Let y = 5 - 4. Let c(g) = 5*g - 3. Let x(n) = y*c(n) - 2*i(n). Calculate x(2).
9
Suppose 5*n - 142 = 13. Let w = 19 - n. Let l = w - -7. Let o(y) = y**3 + 5*y**2 - 2*y - 4. Give o(l).
6
Suppose 0 = -d + 1. Let f(i) = -9*i + 1. Determine f(d).
-8
Let i(m) = -m**2 + 8*m - 10. Let z be i(7). Let c(k) be the first derivative of k**3/3 + 2*k**2 + 4*k + 2. What is c(z)?
1
Let r be (-22)/4 + 2/4. Let p(c) be the second derivative of 5/12*c**4 + 0 + 0*c**3 + 1/20*c**5 + 7/2*c**2 + c. Calculate p(r).
7
Let o be (-35)/(-20) - (-2)/8. Let v(m) = m - 5*m + 1 + m. Give v(o).
-5
Let j(g) = 6*g + g - 3*g. Suppose 0 = 4*v - v + 21. Let o = 8 + v. Give j(o).
4
Let x(w) be the first derivative of -w**3/3 - 5*w**2/2 - 2*w - 14. Calculate x(-3).
4
Let q(l) = l**3 - 4*l**2 + l. Suppose -3*c + 18 = 3*o, o - 2*c = -o. What is q(o)?
-6
Let y be -1*(0 + (1 - 1)). Suppose -5*u - o + 6*o + 5 = y, -5*o = -5. Let t(w) = -4*w**2 + w**2 + 1 + 4*w**2 - 4*w**2 + w**3. Give t(u).
-3
Let k(b) = -2 + 32*b**2 - 27*b**2 + 0 + 1. Calculate k(1).
4
Let x(f) = f**2 + 1. Let w(h) = h**2 - h + 6. Let c(k) = w(k) - 2*x(k). Suppose 0 = -6*z + 5 - 23. Calculate c(z).
-2
Suppose 8*a - 4*a - 4 = 0. Let u = a - 1. Let b(j) = 4*j**2 + 2*j - 11. Let m(q) = 5*q**2 + 3*q - 12. Let s(t) = -4*b(t) + 3*m(t). Calculate s(u).
8
Let y(c) = 3*c + 5. Let s be (3 + (-7)/3)*-6. Give y(s).
-7
Let h(d) = d**2 - 10*d - 9. Let f be h(11). Let z(y) = 2*y - y - 4*y + f*y. Give z(4).
-4
Let m(x) = x**3 - 7*x**2 + 7*x - 1. Let q be m(6). Suppose 4*k = 5*k - 6. Let t(c) = 20 - 20 - c**2 + k*c. Give t(q).
5
Let m(i) = i**2 - 18 - 6*i + 13 + 2*i - 2*i**2. Determine m(-4).
-5
Let o(j) = j**3 - 7*j**2 + 6*j - 4. Let y = -139 - -145. Determine o(y).
-4
Let m = 29 - 27. Let j(f) be the first derivative of -1/2*f**m - 3*f + 2. Calculate j(-2).
-1
Let